t c(r) = r - 1. Let p(d) = -1. Let z be (-21)/(-14) + (-5)/2. Let k(u) = z*c(u) + 2*p(u). Calculate k(5).
-6
Let x(q) = q + 2*q**3 - 16*q**2 + 9*q**2 + 8*q**2. Give x(-2).
-14
Suppose 10 = -5*h, 2*k + 1 - 15 = 4*h. Let x(q) = 8*q**2 - k*q**3 + 4*q**3 + q + 2 - 4*q**2. What is x(-3)?
8
Let x(c) = 1 + c - 1 + 1. Let p = 6 - 3. Suppose 2*s + 3*v - 12 = 0, p*v + 1 = -5*s + 13. Give x(s).
1
Suppose 2*g + 11 = -3*d, -6*g + g + 4*d - 39 = 0. Let y(u) = u**3 + 8*u**2 + 9*u + 6. Give y(g).
-8
Let h(d) be the third derivative of -d**6/120 - d**5/10 - 5*d**4/24 + d**3/3 - d**2. Let y = -1 - -1. Suppose 20 = -y*k - 4*k. Calculate h(k).
2
Let q = -5 + 1. Let j(x) = -x**2 - 4*x - 5. Let k(n) = -2*n**2 - 7*n - 9. Let d(w) = q*k(w) + 9*j(w). Determine d(-6).
3
Let w(v) be the third derivative of v**4/12 - v**3/2 + 9*v**2. What is w(2)?
1
Let t(f) be the second derivative of f**3/6 - 6*f**2 - 5*f. Let s be t(7). Let v(b) = b**3 + 6*b**2 + 5*b + 3. Determine v(s).
3
Let f(b) = b**3 - 5*b**2 + 4. Let w(o) = 1. Let u(g) = -g + 3. Let x(a) = u(a) - 2*w(a). Let z be x(-4). Suppose z = -4*c + 5*c. Calculate f(c).
4
Let y(a) = 2*a - 9. Let p = 9 - 3. What is y(p)?
3
Let h(f) = -f - 4. Suppose -5*m - y + 21 = 0, 11 = 4*m + 3*y - 8. Suppose 0 = -b + m*b. What is h(b)?
-4
Let t(j) = -j**2 + 17. Let v = -1 - -1. Determine t(v).
17
Let b(x) = -21 - 20*x**2 + 4*x + 20 - 6*x. Determine b(-1).
-19
Let y(z) be the third derivative of -1/60*z**5 + 0 + 5/6*z**3 + 0*z + 1/24*z**4 + 3*z**2. Calculate y(4).
-7
Let z(l) be the first derivative of -2*l**2 + 1/3*l**3 - 2 + l. Let d = 14 - 11. Give z(d).
-2
Let q(r) = -r + 3. Let x be q(0). Suppose 3*n + 12 = 3*h, -3*h = -0*n + x*n. Let a(w) = -3*w + 2. What is a(h)?
-4
Let d(r) = r**2 - 2*r - 1. Suppose -4*s + 3*s + 2 = 0. What is d(s)?
-1
Let m(z) be the second derivative of -z**5/120 + z**4/6 + z**3/3 + 2*z. Let s(w) be the second derivative of m(w). Let j = 9 - 4. Give s(j).
-1
Let i(u) = -u + 10. Let o be i(8). Suppose 0 = o*h + 13 - 3. Let z(x) = -x - 4. Give z(h).
1
Let a(z) = -z**3 + 5*z**2 + 3*z - 7. Suppose 12 = 3*k - 3*h, 1 = -3*h - 11. Suppose k = -2*l + 3*v - 5, l + 3*v = 6*l - 10. Determine a(l).
8
Let n(c) = 5*c**3 - 7*c**2 + 6*c - 8. Let h(b) = -9*b**3 + 14*b**2 - 11*b + 16. Let o = -13 + 24. Let t(u) = o*n(u) + 6*h(u). Give t(-7).
8
Let i(h) = -4 + 2 + h + 3 + 10*h**2 - 8*h**2. Let x(d) be the first derivative of d**3 + d**2 + 2*d + 3. Let b(v) = 7*i(v) - 5*x(v). Determine b(-4).
-7
Let n(v) be the first derivative of -3*v**2/2 + 6*v + 12. Let s(c) = 2*c**3 - 2*c**2 - 3*c + 2. Let t be s(2). Determine n(t).
-6
Let k(l) = 6*l - 1. Let o = 14 + -10. Let t(z) = 2 + 3 + 2 - 7*z - 5. Let n(h) = o*k(h) + 3*t(h). Give n(-2).
-4
Let y(l) = 5 + 7*l + 0*l**2 + l**2 + l**2. Let o(b) = -b**2 - b + 2. Suppose 0 = 3*i - 6. Let j be o(i). Determine y(j).
9
Let n(b) = -b - 5. Let k(z) = 3*z + 15. Let s(d) = 6*k(d) + 17*n(d). Give s(4).
9
Let s(c) = 4*c + 16. Let m(x) = x. Let t(d) = 3*m(d) - s(d). What is t(-8)?
-8
Let v(t) = t**3 + 4*t**2 + 5*t + 3. Let o be v(-3). Let r be 3*((-1)/o + -1). Let p(x) = 2*x + 1 - 6 + 3. Give p(r).
-6
Let m(w) = w + 12. Let n be m(-17). Let t(l) = l**2 + 5*l + 3. Let j be t(n). Let c(q) = q**2 - q - 1. What is c(j)?
5
Let s be (-1 + -1)/8 - 406/(-56). Let h(y) = -y**3 + 7*y**2 + y + 3. Calculate h(s).
10
Let u(v) = 3*v + 13*v**2 + 5 - 14*v**2 - 10. Give u(6).
-23
Let d(b) = 5*b**3 + 8*b**2 + 6. Let h(a) = -6*a**3 - 9*a**2 - a - 7. Let m(f) = -5*d(f) - 4*h(f). Give m(-5).
3
Let v(x) = 26*x**2 + 18*x**2 - 45*x**2 - 4*x + 8. Give v(-6).
-4
Let h(m) = -2 - m**2 + 2*m + m - 1. Suppose -19*i = 14*i - 66. What is h(i)?
-1
Suppose 0 = -4*k - 3*l - 1, -2*l = -4*k - 26. Let h(j) = j**2 + 3*j - 5. What is h(k)?
-1
Let d(i) = -i**2 + 2*i + 2. Let n(j) = -j**3 + 4 - 4*j**2 - 2 - 4*j - 3. Suppose 15 = -s - 4*s. Let b be n(s). Calculate d(b).
2
Let d(s) = -s - 1. Let k = 40 + -28. Suppose 5*x - k = 8*x. Determine d(x).
3
Let h(b) = -4*b**2 + b - 1. Suppose 3*a - r - 7 = 0, 0 = r + 1. What is h(a)?
-15
Let y(k) be the third derivative of k**8/3360 + k**7/2520 - k**6/720 - k**5/15 + 5*k**2. Let a(p) be the third derivative of y(p). Give a(1).
7
Suppose 4*i + 7 = 27. Let a be i*-3*(-2)/6. Let t(p) = -p**3 + 6*p**2 - 4*p + 1. What is t(a)?
6
Let s be -6 + -4 + (1 - 0). Let u(w) = w. Determine u(s).
-9
Let g be (-6)/9 + (-16)/(-6). Let q(j) = 0*j**3 - j**3 - 3*j + 1 + 4*j - j**2. Let h(t) = -7*t**3 - 4*t**2 + 8*t + 3. Let y(m) = -h(m) + 6*q(m). What is y(g)?
-1
Let k(d) = 2*d + 3. Suppose 16 = -4*g - 4*a, 2*a + 6 = 2*g + 14. Calculate k(g).
-5
Let q(w) = 2*w**2 - 17*w**3 + 12*w**3 - 1 + 10*w**3 + 0*w**2. Give q(1).
6
Suppose 11*l = 7*l - 12. Let a(v) = -2*v**2 - 3*v + 4. Determine a(l).
-5
Let l = -31 + 30. Let c(i) = -13*i - 33. Let j(a) = -4*a - 11. Let q(s) = -2*c(s) + 7*j(s). Let y(u) = u. Let n(t) = l*q(t) - y(t). Determine n(-6).
5
Let p(r) = -5*r + 4. Suppose -7*c - 20 = -12*c. Let s = c + -1. Calculate p(s).
-11
Suppose 0 = 3*u - 6, 5*q + u = 4 - 22. Let m = 5 + -5. Let z(o) = m - 4 - o - 1. Determine z(q).
-1
Let f(w) = -w + 2. Suppose -2*d = -5*a - 2, 8 = d - 2*a + 3*a. What is f(d)?
-4
Let s(f) = -3*f + 3. Let x be s(1). Let t(n) = -n**3 + n - 6. Calculate t(x).
-6
Let f(o) = 7*o**2 + 2*o - 1. Suppose 3*w - 2*x = 9, 4*w = 6*w - 3*x - 11. Give f(w).
8
Let x(i) = -i**2 + i + 4. Suppose 0 = -2*b + 3*v + 3, -5*v = -v + 4. Calculate x(b).
4
Let l(y) = 5*y + 4 + 0*y**2 + 5*y**2 + 0*y + y**3. Suppose 2 = -3*a + 4*b - 3, -5*a - b = 16. Determine l(a).
7
Let z(t) = -3*t - 8. Let v be z(-4). Let u(n) = 3*n - 5. Give u(v).
7
Let m(u) be the third derivative of -u**4/24 - 2*u**3 + u**2. Suppose -55 = 5*c - 6*k + k, 15 = 3*k. Calculate m(c).
-6
Let a(u) = -6*u**2. Let v be a(1). Let w(i) = i**2 + 5*i - 3. What is w(v)?
3
Let q(m) = -m + 4. Let b(z) = -z**2 + 1. Let j be b(-3). Let p = j - -13. Calculate q(p).
-1
Let y(z) = 2*z**2 - 7*z + 2. Let j(o) = -4*o**2 + 14*o - 3. Let k(v) = 2*j(v) + 5*y(v). Calculate k(4).
8
Let s(p) = 0 + 3*p**3 - 2 - p**2 - 4 - 2*p**3. Give s(0).
-6
Let n(u) = -u**2 + 4*u - 5. Let a(f) = f**2 + 15*f + 4. Let p be a(-15). Determine n(p).
-5
Let t be 4/(-18) + (-94)/(-18). Suppose -9*a + t*a - 4 = 0. Let w(n) = 8*n**3 + n + 1. Calculate w(a).
-8
Let l(q) = -4*q**3 + 2*q + 3. Let g(c) = 7*c**3 - c**2 - 5*c - 5. Let n(j) = -3*g(j) - 5*l(j). Determine n(4).
4
Let a(s) = s - 8. Let f(z) = -2*z + 9. Let y(l) = 4*a(l) + 3*f(l). Determine y(-5).
5
Let j(n) be the third derivative of n**9/60480 - n**8/3360 + n**7/1680 + n**6/360 - n**5/15 + 3*n**2. Let q(z) be the third derivative of j(z). What is q(5)?
-8
Suppose 5 = 6*q - 19. Let w(r) be the second derivative of 0 + 0*r**3 + r**2 + 1/12*r**q + r. Calculate w(-2).
6
Let s(u) = u**3 - 5*u**2 + 2*u + 4. Let d(v) = v**2 + 4*v - 5. Let m be d(-6). Suppose p = -3*t + 6, -2 = 3*p + m. What is s(t)?
-8
Let c(h) be the third derivative of h**6/120 + h**5/15 + h**4/12 - 2*h**3/3 - 2*h**2 + 6*h. Determine c(-4).
-12
Suppose 2*o - 6*o + 20 = 0. Let w(h) = h**3 + h**2 + h. Suppose 2*y = 3*y + 4. Let s(b) = -5*b**3 + 2*b**2 - 10*b + 3. Let k(l) = y*w(l) - s(l). Calculate k(o).
2
Let w(s) = -4*s**2 - 2*s. Let v(a) = -a + 3. Let u be v(5). What is w(u)?
-12
Let k(q) be the third derivative of q**5/15 + q**4/12 + q**3/6 + q**2. Let g(u) = -2*u**2 + 1. Let m be g(1). Give k(m).
3
Let k(m) = -8 - 3 + 17 + 2*m - 4. What is k(-3)?
-4
Suppose 0 = 9*d - 25 - 11. Let f(n) = 3*n**2 + 4*n - 2. Let w(l) = -7*l**2 - 8*l + 4. Let k be (-24)/9*3/(-2). Let p(c) = k*w(c) + 9*f(c). Determine p(d).
-2
Let f(i) = 4*i**2 - 13*i - 4 + 8*i - i**3 + 2*i**3 - 1. What is f(-5)?
-5
Let u be 2 + 12 - (2 + -1). Let n(x) = x + 5. Let z(q) = -2*q - 11. Let j(y) = u*n(y) + 6*z(y). Suppose -3*f = -0*f - 12. Determine j(f).
3
Let p(c) = -c - 3. Let o be p(-6). Let f(y) = 1 + y - 2 - 1 + o - y**2. Let w = -6 - -8. Give f(w).
-1
Suppose w - c - 7 = 0, -2*w - c = -3 - 2. Let k be 2/(-4) - (-14)/w. Suppose f - 4 = -k*i - 3*f, 3*f = 12. Let x(s) = -s - 2. What is x(i)?
2
Let j(i) be the third derivative of i**8/6720 + i**7/2520 + i**5/24 - 7*i**4/24 + i**2. Let l(f) be the second derivative of j(f). Give l(0).
5
Let n(s) = s + 12. Let m = 6 + -6. Let z be -2 - (0 + m - 2). Suppose -4*w + 3*g - 8 - 22 = 